{"id":158,"date":"2025-06-20T20:31:58","date_gmt":"2025-06-20T18:31:58","guid":{"rendered":"http:\/\/koparka.you2.pl\/?page_id=158"},"modified":"2025-06-27T11:36:41","modified_gmt":"2025-06-27T09:36:41","slug":"skup-koparek-znanych-marek","status":"publish","type":"page","link":"https:\/\/skupujemymaszyny.pl\/index.php\/skup-koparek-znanych-marek\/","title":{"rendered":"Skup koparek znanych marek"},"content":{"rendered":"\t\t<div data-elementor-type=\"wp-page\" data-elementor-id=\"158\" class=\"elementor elementor-158\" data-elementor-post-type=\"page\">\n\t\t\t\t<div class=\"elementor-element elementor-element-da05d08 e-flex e-con-boxed e-con e-parent\" data-id=\"da05d08\" data-element_type=\"container\" data-settings=\"{&quot;background_background&quot;:&quot;classic&quot;}\">\n\t\t\t\t\t<div class=\"e-con-inner\">\n\t\t<div class=\"elementor-element elementor-element-94434a4 e-flex e-con-boxed e-con e-child\" data-id=\"94434a4\" data-element_type=\"container\" data-settings=\"{&quot;background_background&quot;:&quot;classic&quot;}\">\n\t\t\t\t\t<div class=\"e-con-inner\">\n\t\t\t\t<div class=\"elementor-element elementor-element-3d94d5a0 elementor-widget elementor-widget-heading\" data-id=\"3d94d5a0\" data-element_type=\"widget\" data-widget_type=\"heading.default\">\n\t\t\t\t<div class=\"elementor-widget-container\">\n\t\t\t\t\t<h1 class=\"elementor-heading-title elementor-size-default\">Skup koparek znanych marek<\/h1>\t\t\t\t<\/div>\n\t\t\t\t<\/div>\n\t\t\t\t\t<\/div>\n\t\t\t\t<\/div>\n\t\t\t\t\t<\/div>\n\t\t\t\t<\/div>\n\t\t<div class=\"elementor-element elementor-element-4684e82a e-flex e-con-boxed e-con e-parent\" data-id=\"4684e82a\" data-element_type=\"container\">\n\t\t\t\t\t<div class=\"e-con-inner\">\n\t\t<div class=\"elementor-element elementor-element-273699d7 e-con-full e-flex e-con e-child\" data-id=\"273699d7\" data-element_type=\"container\">\n\t\t\t\t<div class=\"elementor-element elementor-element-6b25746a elementor-widget elementor-widget-image\" data-id=\"6b25746a\" data-element_type=\"widget\" data-widget_type=\"image.default\">\n\t\t\t\t<div class=\"elementor-widget-container\">\n\t\t\t\t\t\t\t\t\t\t\t\t\t\t\t<img fetchpriority=\"high\" decoding=\"async\" width=\"1280\" height=\"854\" src=\"https:\/\/skupujemymaszyny.pl\/wp-content\/uploads\/2025\/06\/salesman-at-the-shop-with-heavy-machinery-1.jpg\" class=\"attachment-full size-full wp-image-39\" alt=\"\" srcset=\"https:\/\/skupujemymaszyny.pl\/wp-content\/uploads\/2025\/06\/salesman-at-the-shop-with-heavy-machinery-1.jpg 1280w, https:\/\/skupujemymaszyny.pl\/wp-content\/uploads\/2025\/06\/salesman-at-the-shop-with-heavy-machinery-1-300x200.jpg 300w, https:\/\/skupujemymaszyny.pl\/wp-content\/uploads\/2025\/06\/salesman-at-the-shop-with-heavy-machinery-1-1024x683.jpg 1024w, https:\/\/skupujemymaszyny.pl\/wp-content\/uploads\/2025\/06\/salesman-at-the-shop-with-heavy-machinery-1-768x512.jpg 768w\" sizes=\"(max-width: 1280px) 100vw, 1280px\" \/>\t\t\t\t\t\t\t\t\t\t\t\t\t\t\t<\/div>\n\t\t\t\t<\/div>\n\t\t\t\t<\/div>\n\t\t<div class=\"elementor-element elementor-element-11ccdc58 e-con-full e-flex e-con e-child\" data-id=\"11ccdc58\" data-element_type=\"container\">\n\t\t\t\t<div class=\"elementor-element elementor-element-3138bdec elementor-widget elementor-widget-heading\" data-id=\"3138bdec\" data-element_type=\"widget\" data-widget_type=\"heading.default\">\n\t\t\t\t<div class=\"elementor-widget-container\">\n\t\t\t\t\t<h6 class=\"elementor-heading-title elementor-size-default\">Skup CI\u0118\u017bKIEGO SPRZ\u0118TU BUDOWLANEGO<\/h6>\t\t\t\t<\/div>\n\t\t\t\t<\/div>\n\t\t\t\t<div class=\"elementor-element elementor-element-5b185ea5 elementor-widget elementor-widget-text-editor\" data-id=\"5b185ea5\" data-element_type=\"widget\" data-widget_type=\"text-editor.default\">\n\t\t\t\t<div class=\"elementor-widget-container\">\n\t\t\t\t\t\t\t\t\t<p>Skupujemy ci\u0119\u017cki sprz\u0119t budowlany renomowanych marek, oferuj\u0105c konkurencyjne ceny i profesjonaln\u0105 obs\u0142ug\u0119.<br \/>Nasza firma specjalizuje si\u0119 w zakupie maszyn takich jak koparki, \u0142adowarki, spycharki i d\u017awigi, kt\u00f3re charakteryzuj\u0105 si\u0119 wysok\u0105 jako\u015bci\u0105 i niezawodno\u015bci\u0105.<br \/><br \/>Zapewniamy szybki proces transakcji oraz indywidualne podej\u015bcie do ka\u017cdego klienta, gwarantuj\u0105c satysfakcj\u0119 z wsp\u00f3\u0142pracy. Je\u015bli posiadasz sprz\u0119t budowlany, kt\u00f3ry chcesz sprzeda\u0107, skontaktuj si\u0119 z nami, a my zajmiemy si\u0119 reszt\u0105!<br \/><br \/><strong>VOLVO<\/strong><br \/>EC 15 \/ 18 \/ 20 \/ 25 \/ 30 \/ 35<\/p><p>XCMG<\/p><p>YANMAR<br \/>SV 15 \/ 17 \/ 19 \/ 22 \/ 25 \/ 27<br \/>VIO 15 \/ 17 \/ 19 \/ 22 \/ 25 \/ 27 \/ 30 \/ 35 \/ 50<br \/>B 15 \/ 17 \/ 19 \/ 20 \/ 25 \/ 30 \/ 35<\/p><p>ZEPPELIN<br \/>ZM 4 \/ ZM 6 \/ 8 \/ 10 \/ 12 \/ 15 \/ 18<\/p><p>ZETTELMEYER<br \/>ZL 401 \/ ZL 402 \/ ZL 501 \/ ZL 502<br \/>ZL 601 \/ ZL 602<\/p><p>VOLVO<br \/>L20 \/ 25 \/ 30 \/ 40 \/ 45<br \/>BL 71<br \/>ZM 4 ZM 6\/8\/10\/12\/15\/19<\/p><p><span style=\"font-style: inherit; font-weight: inherit;\">YANMAR<\/span><\/p><p>ZEPPELIN<\/p><p>ZETTELMEYER<\/p><p>HANGCHA<\/p><p>HITACHI<br \/>ZX 15 \/ 17 \/ 20 \/ 26<\/p><p>FB 100<br \/>2W 60 \/ 74 \/ 180<\/p><p>KMM<\/p><p>KOBELCO<\/p><p>KOMATSU<\/p><p>YANMAR<\/p><p>KRAMER<br \/>312 \/ 412 \/ 512 \/ 612<br \/>320 \/ 420 \/ 520<\/p><p>KUBOTA<br \/>KH 41 \/ 61 \/ 71 \/ 91 \/ 101 \/ 151<br \/>KX 41 \/ 61 \/ 71\/91 \/ 101 \/ 151<\/p><p>LIEBHERR<br \/>KX 017 \/ 018 \/ 019 \/ 025 \/ 027 \/ 030<\/p><p>UNC<br \/>060 \/ 061 \/ DETVAN<\/p><p>LOCUST<br \/>752 \/ 753 \/ 903<\/p><p>MECALAC<\/p><p>MULTIONE<\/p><p>NEW HOLLAND<\/p><p>NEX<\/p><p>OSTR\u00d3WEK<br \/>K162<\/p><p>SANY<\/p><p>SCHAEFF<br \/>HML 15 \/ 20 \/ 25 \/ 30<\/p><p>TAIAN<\/p><p>TAKEUCHI<br \/>TB 15 \/ TB 17 \/ TB 19 \/ TB 25 \/ TB 30 \/ TB35<\/p><p>TEREX<\/p><p>THWAITES<\/p><p>TOYOTA<\/p><p>VENIERI<\/p><p>JCB<br \/>8055, 8014, 8016, 8018, 8020, 8025, 8026, 8030, 8035, 8040, 8050, 8080<br \/>1CX, 2CX, 3CX, 4CX<\/p><p>LINDE<br \/>H12, H14, H15, H16, H18, H20, H25<br \/>H30, H35, H40, H50, H60<br \/>E10, E12, E14, E16, E20<\/p><p>ATLAS<br \/>AR 40 \/ 45 \/ 50 \/ 60 \/ 65 \/ 70 \/ 180<\/p><p>AUSA<\/p><p>AVANT<\/p><p>BOBCAT<br \/>453, 463, 553, 543, 653, 753, 853<br \/>S100, S150, S200<\/p><p>CASE<br \/>580G, 1580K, 1580SK<\/p><p>CATERPILLAR<br \/>906, 4281, 3016, 3018, 3021<\/p><p>PITCH WITCH<\/p><p>EUROMACH<\/p><p>EVERUN<\/p><p>GEHL<\/p>\t\t\t\t\t\t\t\t<\/div>\n\t\t\t\t<\/div>\n\t\t\t\t<\/div>\n\t\t\t\t\t<\/div>\n\t\t\t\t<\/div>\n\t\t\t\t<\/div>\n\t\t","protected":false},"excerpt":{"rendered":"<p>Skup CI\u0118\u017bKIEGO SPRZ\u0118TU BUDOWLANEGO Skupujemy ci\u0119\u017cki sprz\u0119t budowlany renomowanych marek, oferuj\u0105c konkurencyjne ceny i profesjonaln\u0105 obs\u0142ug\u0119.Nasza firma specjalizuje si\u0119 w [&hellip;]<\/p>\n","protected":false},"author":1,"featured_media":0,"parent":0,"menu_order":0,"comment_status":"closed","ping_status":"closed","template":"","meta":{"site-sidebar-layout":"no-sidebar","site-content-layout":"","ast-site-content-layout":"full-width-container","site-content-style":"default","site-sidebar-style":"default","ast-global-header-display":"","ast-banner-title-visibility":"","ast-main-header-display":"","ast-hfb-above-header-display":"","ast-hfb-below-header-display":"","ast-hfb-mobile-header-display":"","site-post-title":"disabled","ast-breadcrumbs-content":"","ast-featured-img":"disabled","footer-sml-layout":"","theme-transparent-header-meta":"","adv-header-id-meta":"","stick-header-meta":"","header-above-stick-meta":"","header-main-stick-meta":"","header-below-stick-meta":"","astra-migrate-meta-layouts":"default","ast-page-background-enabled":"default","ast-page-background-meta":{"desktop":{"background-color":"var(--ast-global-color-5)","background-image":"","background-repeat":"repeat","background-position":"center center","background-size":"auto","background-attachment":"scroll","background-type":"","background-media":"","overlay-type":"","overlay-color":"","overlay-opacity":"","overlay-gradient":""},"tablet":{"background-color":"","background-image":"","background-repeat":"repeat","background-position":"center center","background-size":"auto","background-attachment":"scroll","background-type":"","background-media":"","overlay-type":"","overlay-color":"","overlay-opacity":"","overlay-gradient":""},"mobile":{"background-color":"","background-image":"","background-repeat":"repeat","background-position":"center center","background-size":"auto","background-attachment":"scroll","background-type":"","background-media":"","overlay-type":"","overlay-color":"","overlay-opacity":"","overlay-gradient":""}},"ast-content-background-meta":{"desktop":{"background-color":"var(--ast-global-color-4)","background-image":"","background-repeat":"repeat","background-position":"center center","background-size":"auto","background-attachment":"scroll","background-type":"","background-media":"","overlay-type":"","overlay-color":"","overlay-opacity":"","overlay-gradient":""},"tablet":{"background-color":"var(--ast-global-color-4)","background-image":"","background-repeat":"repeat","background-position":"center center","background-size":"auto","background-attachment":"scroll","background-type":"","background-media":"","overlay-type":"","overlay-color":"","overlay-opacity":"","overlay-gradient":""},"mobile":{"background-color":"var(--ast-global-color-4)","background-image":"","background-repeat":"repeat","background-position":"center center","background-size":"auto","background-attachment":"scroll","background-type":"","background-media":"","overlay-type":"","overlay-color":"","overlay-opacity":"","overlay-gradient":""}},"footnotes":""},"class_list":["post-158","page","type-page","status-publish","hentry"],"_links":{"self":[{"href":"https:\/\/skupujemymaszyny.pl\/index.php\/wp-json\/wp\/v2\/pages\/158","targetHints":{"allow":["GET"]}}],"collection":[{"href":"https:\/\/skupujemymaszyny.pl\/index.php\/wp-json\/wp\/v2\/pages"}],"about":[{"href":"https:\/\/skupujemymaszyny.pl\/index.php\/wp-json\/wp\/v2\/types\/page"}],"author":[{"embeddable":true,"href":"https:\/\/skupujemymaszyny.pl\/index.php\/wp-json\/wp\/v2\/users\/1"}],"replies":[{"embeddable":true,"href":"https:\/\/skupujemymaszyny.pl\/index.php\/wp-json\/wp\/v2\/comments?post=158"}],"version-history":[{"count":13,"href":"https:\/\/skupujemymaszyny.pl\/index.php\/wp-json\/wp\/v2\/pages\/158\/revisions"}],"predecessor-version":[{"id":309,"href":"https:\/\/skupujemymaszyny.pl\/index.php\/wp-json\/wp\/v2\/pages\/158\/revisions\/309"}],"wp:attachment":[{"href":"https:\/\/skupujemymaszyny.pl\/index.php\/wp-json\/wp\/v2\/media?parent=158"}],"curies":[{"name":"wp","href":"https:\/\/api.w.org\/{rel}","templated":true}]}}